106853?
3, 34679, 35969
List the prime factors of 107981311.
107981311
List the prime factors of 326753888.
2, 31, 89, 3701
List the prime factors of 450426411.
3, 23, 1163, 1871
List the prime factors of 1876830766.
2, 938415383
List the prime factors of 3144147.
3, 1048049
List the prime factors of 2046892190.
2, 5, 7, 829, 5039
List the prime factors of 65586678.
2, 3, 10931113
List the prime factors of 288884769.
3, 96294923
What are the prime factors of 225677191?
225677191
What are the prime factors of 186025370?
2, 5, 18602537
What are the prime factors of 3620595328?
2, 7, 919, 4397
What are the prime factors of 51586542?
2, 3, 7, 31, 47, 281
List the prime factors of 83308605.
3, 5, 5553907
What are the prime factors of 29445902?
2, 97, 151783
List the prime factors of 119286264.
2, 3, 31, 67, 2393
List the prime factors of 156563774.
2, 43, 1820509
What are the prime factors of 80195590?
2, 5, 41, 195599
List the prime factors of 150707312.
2, 7, 17, 79153
What are the prime factors of 137236475?
5, 47, 116797
List the prime factors of 622071441.
3, 53, 113, 3847
List the prime factors of 26108421.
3, 37, 235211
List the prime factors of 8820453508.
2, 59, 37374803
List the prime factors of 3268536166.
2, 7, 5081, 45949
List the prime factors of 224134599.
3, 13, 1741, 3301
What are the prime factors of 76434396?
2, 3, 79, 80627
List the prime factors of 686774429.
11, 62434039
What are the prime factors of 29183592?
2, 3, 67, 18149
List the prime factors of 1792305970.
2, 5, 7, 13, 1969567
What are the prime factors of 1736560418?
2, 31, 43, 47, 13859
What are the prime factors of 384091993?
384091993
What are the prime factors of 24819720?
2, 3, 5, 107, 1933
List the prime factors of 865708580.
2, 5, 11, 29, 4679
List the prime factors of 1052919262.
2, 269, 1957099
What are the prime factors of 229379017?
7, 32768431
List the prime factors of 2026719273.
3, 15787, 42793
What are the prime factors of 144844677?
3, 37, 41, 103
What are the prime factors of 1580605964?
2, 7, 101, 558913
List the prime factors of 90783379.
2579, 35201
List the prime factors of 322980569.
17, 29, 47, 53, 263
What are the prime factors of 1662978?
2, 3, 277163
List the prime factors of 6112614790.
2, 5, 9239, 66161
What are the prime factors of 44122626?
2, 3, 2451257
List the prime factors of 2263945563.
3, 11, 367, 62311
What are the prime factors of 86761943?
1237, 70139
What are the prime factors of 14108724?
2, 3, 7, 55987
What are the prime factors of 1656757082?
2, 239, 3466019
What are the prime factors of 93981736?
2, 193, 60869
List the prime factors of 2660101044.
2, 3, 17, 13039711
List the prime factors of 6338417296.
2, 103, 3846127
What are the prime factors of 5465038361?
5465038361
List the prime factors of 3442273038.
2, 3, 21248599
What are the prime factors of 2728675449?
3, 23, 13182007
What are the prime factors of 5315681?
7, 643, 1181
What are the prime factors of 36542076?
2, 3, 3045173
What are the prime factors of 3394571864?
2, 7681, 55243
List the prime factors of 558573224.
2, 11, 73, 86951
List the prime factors of 5970850579.
1213, 4922383
What are the prime factors of 176754371?
176754371
What are the prime factors of 98787386?
2, 2251, 21943
List the prime factors of 41419173.
3, 47, 167, 1759
List the prime factors of 952047533.
23, 53, 781007
What are the prime factors of 4022656273?
263, 673, 22727
List the prime factors of 192583282.
2, 96291641
List the prime factors of 668177759.
641, 1042399
What are the prime factors of 357310410?
2, 3, 5, 11910347
List the prime factors of 228947034.
2, 3, 41, 83, 11213
What are the prime factors of 6359361719?
43, 147892133
What are the prime factors of 149915434?
2, 19, 41, 96223
List the prime factors of 3421902607.
57601, 59407
List the prime factors of 1200709667.
10009, 119963
What are the prime factors of 100426993?
23, 1613, 2707
What are the prime factors of 104642638?
2, 52321319
List the prime factors of 3274621218.
2, 3, 11, 53, 312047
What are the prime factors of 14453775?
3, 5, 7, 19, 23
What are the prime factors of 173752236?
2, 3, 7, 32833
What are the prime factors of 239507878?
2, 23, 1847, 2819
List the prime factors of 1068673638.
2, 3, 83, 97, 22123
List the prime factors of 94756126.
2, 491, 96493
List the prime factors of 128387904.
2, 3, 668687
What are the prime factors of 424045147?
6143, 69029
What are the prime factors of 196806744?
2, 3, 2733427
What are the prime factors of 73613919?
3, 29, 846137
What are the prime factors of 1322310471?
3, 347, 1270231
List the prime factors of 64963869.
3, 19, 1139717
List the prime factors of 356385798.
2, 3, 523, 12619
List the prime factors of 25658493.
3, 7, 19, 107, 601
List the prime factors of 154961367.
3, 11, 4695799
What are the prime factors of 3641870?
2, 5, 364187
List the prime factors of 120622404.
2, 3, 7, 401, 3581
List the prime factors of 1204757566.
2, 602378783
List the prime factors of 104816984.
2, 2351, 5573
What are the prime factors of 57994357?
2843, 20399
What are the prime factors of 118091348?
2, 809, 36493
What are the prime factors of 99911596?
2, 73, 263, 1301
What are the prime factors of 301709053?
301709053
List the prime factors of 30626517.
3, 367, 27817
What are the prime factors of 324849929?
41, 59, 134291
What are the prime factors of 74598504?
2, 3, 499, 6229
List the prime factors of 27823920.
2, 3, 5, 115933
List the prime factors of 543175094.
2, 7, 11, 461, 1093
What are the prime factors of 151115345?
5, 30223069
What are the prime factors of 83581104?
2, 3, 1741273
What are the prime factors of 146795986?
2, 17, 4317529
List the prime factors of 2186308747.
7, 61, 809, 6329
What are the prime factors of 40909942?
2, 43, 475697
List the prime factors of 888173731.
888173731
What are the prime factors of 222082291?
222082291
List the prime factors of 1412250.
2, 3, 5, 7, 269
What are the prime factors of 48044985?
3, 5, 487, 6577
What are the prime factors of 1065542446?
2, 127, 281, 14929
List the prime factors of 6212545.
5, 61, 20369
What are the prime factors of 3753961?
3753961
What are the prime factors of 327393626?
2, 7, 479, 48821
List the prime factors of 257305164.
2, 3, 21442097
List the prime factors of 1160588960.
2, 5, 379, 19139
List the prime factors of 2213854613.
43, 51484991
What are the prime factors of 4406323?
4406323
List the prime factors of 110577398.
2, 53, 1043183
List the prime factors of 2100294695.
5, 29, 1531, 9461
What are the prime factors of 31091225?
5, 11, 167, 677
List the prime factors of 1302751518.
2, 3, 217125253
What are the prime factors of 216233475?
3, 5, 2883113
What are the prime factors of 530070448?
2, 353, 93851
What are the prime factors of 150150262?
2, 229, 327839
List the prime factors of 10762562.
2, 5381281
What are the prime factors of 783313806?
2, 3, 11, 23, 516017
List the prime factors of 585786396.
2, 3, 13, 3755041
List the prime factors of 39165814.
2, 73, 457, 587
What are the prime factors of 2105885807?
47, 311, 144071
What are the prime factors of 852364673?
211, 1801, 2243
What are the prime factors of 1583566985?
5, 7, 11, 13, 41, 7717
List the prime factors of 829157888.
2, 13, 347, 359
What are the prime factors of 85679481?
3, 661, 43207
What are the prime factors of 5198161169?
479, 10852111
List the prime factors of 524852409.
3, 19, 83, 110939
List the prime factors of 223014715.
5, 7, 11, 579259
What are the prime factors of 2106598503?
3, 17, 41305853
List the prime factors of 37520923.
11, 37, 92189
What are the prime factors of 30885661?
139, 222199
List the prime factors of 2637881687.
7, 17, 22167073
What are the prime factors of 57281964?
2, 3, 4773497
What are the prime factors of 364492786?
2, 7, 26035199
What are the prime factors of 854504095?
5, 263, 649813
List the prime factors of 756310953.
3, 252103651
List the prime factors of 56885450.
2, 5, 41, 27749
List the prime factors of 283179511.
151, 1875361
What are the prime factors of 2872385020?
2, 5, 73, 1967387
List the prime factors of 98579611.
13, 563, 13469
List the prime factors of 717174449.
1217, 589297
What are the prime factors of 3051792?
2, 3, 21193
List the prime factors of 56679717.
3, 17, 19, 29, 2017
Wh